{"id":110,"date":"2023-11-27T11:01:45","date_gmt":"2023-11-27T10:01:45","guid":{"rendered":"http:\/\/www.codetik.org\/100pour1narbonne\/?page_id=110"},"modified":"2023-11-27T11:01:45","modified_gmt":"2023-11-27T10:01:45","slug":"ete-2022","status":"publish","type":"page","link":"http:\/\/www.codetik.org\/100pour1narbonne\/ete-2022\/","title":{"rendered":"ETE 2022"},"content":{"rendered":"\n<p>Yacou et Momo ont obtenu gain de cause ! La pr\u00e9fecture de l\u2019Aude est revenue sur sa d\u00e9cision et a attribu\u00e9 \u00e0 Yacou un titre de s\u00e9jour. Pour cela, il est convoqu\u00e9 le lundi 27 juin en pr\u00e9fecture \u00e0 Carcassonne.<\/p>\n\n\n\n<p>Pour Yacou et Momo, ainsi que pour toutes les personnes qui les soutiennent, c\u2019\u00e9tait la fin d\u2019une semaine d\u2019ascenseurs \u00e9motionnels.<\/p>\n","protected":false},"excerpt":{"rendered":"<p>Yacou et Momo ont obtenu gain de cause ! La pr\u00e9fecture de l\u2019Aude est revenue sur sa d\u00e9cision et a attribu\u00e9 \u00e0 Yacou un titre de s\u00e9jour. Pour cela, il est convoqu\u00e9 le lundi 27 juin en pr\u00e9fecture \u00e0 Carcassonne. Pour Yacou et Momo, ainsi que pour toutes les personnes qui les soutiennent, c\u2019\u00e9tait la [&hellip;]<\/p>\n","protected":false},"author":1,"featured_media":0,"parent":0,"menu_order":0,"comment_status":"closed","ping_status":"closed","template":"","meta":{"_regular_price":[],"currency_symbol":[],"footnotes":""},"class_list":["post-110","page","type-page","status-publish","hentry"],"post_slider_layout_featured_media_urls":{"thumbnail":"","post_slider_layout_landscape_large":"","post_slider_layout_portrait_large":"","post_slider_layout_square_large":"","post_slider_layout_landscape":"","post_slider_layout_portrait":"","post_slider_layout_square":"","full":""},"_links":{"self":[{"href":"http:\/\/www.codetik.org\/100pour1narbonne\/wp-json\/wp\/v2\/pages\/110","targetHints":{"allow":["GET"]}}],"collection":[{"href":"http:\/\/www.codetik.org\/100pour1narbonne\/wp-json\/wp\/v2\/pages"}],"about":[{"href":"http:\/\/www.codetik.org\/100pour1narbonne\/wp-json\/wp\/v2\/types\/page"}],"author":[{"embeddable":true,"href":"http:\/\/www.codetik.org\/100pour1narbonne\/wp-json\/wp\/v2\/users\/1"}],"replies":[{"embeddable":true,"href":"http:\/\/www.codetik.org\/100pour1narbonne\/wp-json\/wp\/v2\/comments?post=110"}],"version-history":[{"count":1,"href":"http:\/\/www.codetik.org\/100pour1narbonne\/wp-json\/wp\/v2\/pages\/110\/revisions"}],"predecessor-version":[{"id":111,"href":"http:\/\/www.codetik.org\/100pour1narbonne\/wp-json\/wp\/v2\/pages\/110\/revisions\/111"}],"wp:attachment":[{"href":"http:\/\/www.codetik.org\/100pour1narbonne\/wp-json\/wp\/v2\/media?parent=110"}],"curies":[{"name":"wp","href":"https:\/\/api.w.org\/{rel}","templated":true}]}}